mmon divisor of a and 203?
29
Let z be (-102)/(-27) - (-4)/18. Suppose 0 = -5*m + z*d + 146, 4*m + m = 3*d + 147. What is the greatest common divisor of m and 3?
3
Let h(l) be the first derivative of -l**4/2 + 2*l**3/3 + 5*l**2/2 + 3*l + 2. Let q be h(-3). Let o = -60 - -72. What is the greatest common divisor of o and q?
12
Suppose 0 = 4*o - 3*g - 0*g - 6, -2*o + 4*g = 2. Suppose 3*n = 3*x - 270, 0 = -o*x + 2*x + 2*n + 90. What is the highest common factor of 18 and x?
18
Suppose -10*x + 2*x = -192. Calculate the highest common divisor of x and 8.
8
Suppose -4*g - 2*z = -0*g - 114, -4*z + 144 = 5*g. What is the highest common factor of 7 and g?
7
Let t(v) = -v + 1. Let n be t(1). Let b be -5*(2 + n)*-6. Let k be (6/(-4))/((-9)/b). Calculate the highest common factor of 10 and k.
10
Suppose 5*b + 4*r = 82, 4*r - 46 = 3*b - 6*b. What is the greatest common divisor of b and 288?
18
Let o = 14 + -25. Let r = -3 - o. What is the greatest common divisor of 88 and r?
8
Let q(z) = z - 2. Let b be q(4). Suppose m = b*m - 3. Suppose -6 = 2*o, 0 = -m*y + y + 5*o + 51. What is the greatest common divisor of 90 and y?
18
Suppose 4*p + u - 35 = 0, 3*u + 37 = 5*p + 2*u. What is the highest common divisor of p and 40?
8
Let g = 108 + -45. Calculate the highest common divisor of 27 and g.
9
Suppose 3*r = 4*y - 3*y + 315, -3*y = 5*r - 525. What is the highest common factor of 42 and r?
21
Let i = -24 + 46. What is the greatest common divisor of i and 154?
22
Let a(l) = -l**3 + 4*l + 3. Let u be a(-2). Suppose -w = 2*w - u*q - 156, 2*w + 2*q - 112 = 0. What is the highest common divisor of 36 and w?
18
Let i(y) = -y**2 - y + 1. Let b be i(0). Let m(r) = r**3 - r**2 - 2*r. Let x be m(-2). Let h be 2/((x/6)/(-2)). What is the greatest common factor of b and h?
1
Suppose 0 = 4*j + 4*h - 80, -2*h = -5*h + 15. Suppose -235 = -4*m - 0*u + 5*u, 0 = -3*u + j. Let q = m + 19. Calculate the greatest common factor of q and 12.
12
Let y = 79 - 39. Suppose -v - 10 = -3*v. Let x be 1/v + (-49)/(-5). What is the highest common factor of x and y?
10
Suppose -5*v = -n + 23, -5*v - 10 - 11 = -2*n. Let s be 14/(v + 2 - -4). Let h = 1 - -1. Calculate the highest common divisor of s and h.
2
Suppose g = 6*g - 475. Let k be g/10 - 1/2. Let t = 13 - k. What is the highest common factor of t and 1?
1
Let t(f) = -8*f**3 - 3*f**2 + f - 4. Let j be t(-6). Let k be (-2)/5 + j/25. What is the greatest common divisor of 8 and k?
8
Let r = -70 + 120. Calculate the greatest common factor of r and 10.
10
Let h be ((2 - 34)/2)/(10/(-85)). What is the greatest common factor of 17 and h?
17
Let x be (-1 - 53/(-3))*3. Suppose 0 = -2*c - 4*d + 36, 2*c - 42 = 2*d - 0*d. What is the highest common divisor of c and x?
10
Suppose -m - 30 = -4*m. Suppose -5*i + 3*s + 62 = 0, -2*s - 48 = -4*i - 0*s. Calculate the highest common divisor of i and m.
10
Suppose 6*n - 360 = -0*n. What is the highest common factor of 6 and n?
6
Let n = -157 - -360. Let w = -115 + n. Let g = -6 - -14. Calculate the highest common factor of w and g.
8
Let u be (-3)/(-3) - 1 - -85. Calculate the greatest common divisor of 17 and u.
17
Let f(w) = w**2 + 4*w + 2. Let v be f(-6). Suppose 5*b + q - 279 = 0, -121 = -3*b - 3*q + 44. Calculate the highest common divisor of b and v.
14
Let s be ((-297)/(-12))/(2/16). Let v(c) = 4*c - 6. Let h be v(6). What is the greatest common factor of h and s?
18
Suppose -10 = -j + s, 8*s - 5*s = -3*j + 54. Let i be (12/2 + 1)*5. What is the highest common divisor of j and i?
7
Suppose 5*d + 171 = 3*h, -4*h - h + d + 263 = 0. What is the greatest common divisor of h and 26?
26
Suppose -w + 3*d - 2 + 3 = 0, 5*w = 4*d + 16. Suppose -2*a + w + 68 = 0. Calculate the greatest common factor of 24 and a.
12
Let f be (3 - 8/(-12))*30. What is the highest common factor of f and 10?
10
Suppose 0*y = y - 24. Let k = y + -8. Let t = -80 - -120. Calculate the highest common factor of k and t.
8
Suppose d = -w + 1, -20 + 5 = -5*d - 3*w. Calculate the highest common factor of 2 and d.
2
Suppose -3*s = -59 + 11. Let g = s - 13. Calculate the greatest common divisor of 3 and g.
3
Let y be (-6)/(-8)*4 - -11. Calculate the highest common factor of y and 70.
14
Suppose 0 = 3*m - c - 239, 0 = 3*m - 5*c - 23 - 212. What is the greatest common divisor of 32 and m?
16
Let s be 14/4*(12 - 4). Suppose 4*i - s = -0*i. What is the greatest common divisor of 77 and i?
7
Let g(b) = b**2 + 3*b - 7. Suppose 0*l + 4*l - 16 = 0. Let w be g(l). What is the greatest common factor of 147 and w?
21
Suppose -3*t - 195 = -4*h, 0*t + 4*t = 5*h - 245. Calculate the highest common factor of 18 and h.
9
Suppose 5*z - 2*n = 377, -222 = -3*z - 5*n + 2*n. What is the highest common factor of 15 and z?
15
Let r be 111/18 - 5/30. Suppose 0 = q - 38 - r. What is the greatest common divisor of 4 and q?
4
Let g(n) = 4*n**2 + n + 3. Let z be g(-1). What is the highest common divisor of z and 10?
2
Let p be 1161/15 + (-10)/25. What is the highest common divisor of p and 11?
11
Let o = 40 - 31. Calculate the greatest common divisor of 45 and o.
9
Let p(d) = -3*d**2 - 1 + d**3 + d**2 + 0*d**2. Let f be p(2). Let w be 0/f - (-12)/1. Calculate the greatest common factor of w and 24.
12
Let i(g) = -2*g - 17. Let m be i(-13). What is the highest common factor of 3 and m?
3
Let p be 0 + -3*6/(-9). Let v be ((-30)/p)/((-12)/16). Suppose 2*s + n = v, s + 3*s - 52 = -5*n. Calculate the highest common divisor of s and 20.
4
Let n be 3/12 - (-381)/12. Calculate the greatest common divisor of 256 and n.
32
Let i = -25 - -43. What is the greatest common divisor of i and 126?
18
Let c(f) = f + 1. Let v(k) = 2*k + 1. Let w(q) = c(q) - v(q). Let m be w(-12). What is the highest common factor of 12 and m?
12
Suppose 3*p - 6 = 54. Let o = p + -14. Let k be (0 - -1) + 33/3. Calculate the highest common factor of k and o.
6
Suppose 0*i = -4*i. Let o = 12 + -8. Suppose -4*p = p - 3*k - 834, p - o*k - 160 = i. Calculate the highest common factor of p and 24.
24
Let m = 1 - -4. Suppose 5*v - 1 = 14, -2*v = 3*y. Let s be y/8*-11*20. Calculate the highest common divisor of s and m.
5
Let b(c) = -3*c. Let o be b(-1). Let u be 88/33*3/2. Suppose 106 = u*v + 3*j - 20, -4*j = -5*v + 173. Calculate the highest common divisor of o and v.
3
Let r be 1/((-1)/(-2)) - -48. Calculate the highest common divisor of 10 and r.
10
Let u = -30 + 46. What is the highest common factor of u and 80?
16
Suppose h - 3*h + 140 = -2*u, 5*u + 210 = 3*h. What is the highest common divisor of h and 28?
14
Let a be (-5)/((-10)/(-84))*-1. Let g = a - 29. Let p(m) = -m**3 - 28*m**2 + 3*m + 97. Let j be p(-28). What is the greatest common factor of j and g?
13
Let v(t) = t - 8. Let a be v(9). Let m = 8 - a. What is the greatest common divisor of 77 and m?
7
Let v(p) = -p + 1. Let i be v(-5). Suppose 3*a + 10 = 5*a. Suppose -j + 1 = -a. Calculate the highest common factor of i and j.
6
Suppose 65 = 2*p - 71. What is the highest common factor of 17 and p?
17
Let k(z) = -2*z - 4. Let a be k(-10). Let l = -3 + a. Let j = l - -5. Calculate the greatest common factor of j and 9.
9
Suppose 10*t - 24 = 8*t. What is the greatest common divisor of 12 and t?
12
Let f(t) = t**3 + 6*t**2 - 7*t. Let w be f(-7). Let r(p) = p**3 + p**2 + p + 15. Let o be r(w). What is the highest common divisor of o and 5?
5
Suppose -6*w = 2 - 50. Let n = -7 - -11. Suppose 0*a + 20 = a - 4*g, -n = -4*g. What is the highest common factor of a and w?
8
Suppose 3*n + 2*n = 35. Let i be ((-20)/(-14))/(1/n). What is the highest common divisor of 25 and i?
5
Let z be (-62)/(-8) - (-5)/20. Let l = 28 - 48. Let c be (3/5 + -1)*l. Calculate the highest common divisor of z and c.
8
Suppose f - 7 = 8. Suppose -v + f = 4*v. Suppose v*m - 29 = 19. Calculate the highest common divisor of 2 and m.
2
Suppose -4*w - 5 = -37. Let q be 9/12*w*3. Calculate the greatest common divisor of q and 36.
18
Let b be (-9)/6*(4 - 6). Suppose 108 = -b*j + 5*j. What is the highest common divisor of 18 and j?
18
Let d(z) = 24*z - 16. Let s be d(9). What is the greatest common divisor of s and 25?
25
Let g(h) = 9*h**2 - 4*h + 1. Let t be g(3). Let s = -8 - -8. Suppose s = b + 3*b - 112. What is the greatest common factor of b and t?
14
Let t(o) = 10*o + 108. Let v be t(